 - 15 + 3 = 0. Let i be -11 - (f + 1 + -5). What are the prime factors of (-432)/(-20) - 4/i?
2, 11
Suppose 2*k = 4*a + 6*k - 28, 3*a + 2*k = 21. Suppose n + 3*d - 32 - 3 = 0, 2*d - 54 = -2*n. Let w = n - a. List the prime factors of w.
2
List the prime factors of (-5)/(-8)*2 - (-17355)/20.
11, 79
Let y be ((-1)/3)/((-7)/63). Suppose -y*x + 47 = -34. Let l = x - 14. What are the prime factors of l?
13
Let o(l) = -3*l. Let q(k) = -10*k - 1. Let g(c) = -7*o(c) + 2*q(c). Let v be g(1). List the prime factors of v + (-1 - 1) - -47.
2, 11
Let f be (-788)/14 - 4/(-14). List the prime factors of ((-12)/7)/(4/f).
2, 3
Let h(s) = 547*s**2 + 13*s - 37. List the prime factors of h(3).
5, 197
Suppose -4*n + 472 = 4*i - 820, 4*n - 3*i = 1299. List the prime factors of n.
2, 3
What are the prime factors of 1/(4/(-3048))*(-363)/99?
2, 11, 127
Let a = 228 - 127. Let d = a + 19. List the prime factors of d.
2, 3, 5
Suppose 0 = 1586*l - 1596*l + 8620. List the prime factors of l.
2, 431
Let t(a) = 13*a**2 - 4*a**2 + a - 6*a**2 + 3. What are the prime factors of t(2)?
17
What are the prime factors of 20/(-130) + 7321/13?
563
What are the prime factors of -2*(-3)/2 + (-134298)/(-54)?
2, 3, 5, 83
Let o = -5 - -13. Let q(h) = -2*h**2 + 12*h - 3. Let y be q(o). Let z = -11 - y. List the prime factors of z.
2, 3
Suppose 42*f + 112840 = 82*f. List the prime factors of f.
7, 13, 31
Suppose -15147 + 384 = -57*c. List the prime factors of c.
7, 37
List the prime factors of 0 + 4207 - (-1 + 4 + -2).
2, 3, 701
Let c be -4 - -7 - 1*3. Let b be c/1 - -4*12. Suppose 0 = -2*g + 12 + b. List the prime factors of g.
2, 3, 5
Suppose 10 = -3*c + 8*c. Suppose -2*o = -o + 3*s - 204, -816 = -4*o - c*s. List the prime factors of o.
2, 3, 17
Suppose -9322 - 9281 = -3*p. What are the prime factors of p?
3, 13, 53
Let b = -136 - -246. Suppose 126 = 2*a - b. What are the prime factors of a?
2, 59
Let b(x) = -3 + 0 - 9*x + 11. Let s be (-637)/130 + -2 + 38/20. List the prime factors of b(s).
53
Suppose 12564 = 7*s + 1182. What are the prime factors of s?
2, 3, 271
What are the prime factors of 132/9*(-8)/(32/(-1338))?
2, 11, 223
Let z = -12 - -17. Suppose 0*n + 5 = -n, n = z*s - 50. Let h = 12 - s. List the prime factors of h.
3
Suppose -2*n = 5*g + 3*n - 1330, -535 = -2*g - 5*n. List the prime factors of g.
5, 53
List the prime factors of (0 + 16)/((-53)/(-530)).
2, 5
Let x(b) = -161*b**3 + 2*b**2 + 3*b. Let y be x(-1). Let k = 3 - -3. Suppose k*v - y = v. What are the prime factors of v?
2
Let t be (-38)/(-10) + (-52)/65. Suppose -3*g + 2*w + 350 = -g, 527 = t*g - w. List the prime factors of g.
2, 11
Let l(j) = -3*j - 31. What are the prime factors of l(-13)?
2
Let t = 133 - -129. List the prime factors of t.
2, 131
Suppose 3*a + 23 = u, 0 = -2*u - 5*a - 11 + 2. Let z(y) = 32*y + 79. List the prime factors of z(u).
5, 67
Let w be -3 - (-1 - -5 - 3). Let d be 6/w*20/(-3). What are the prime factors of 86/d + (-4)/(-10)?
3
Suppose -324 = -w - 2*w + 5*n, 2*w - 216 = 3*n. Let b = 215 - w. List the prime factors of b.
107
Let z be (-1 + 0 - 1)/1. Let n(k) = 17*k + 1. Let q be n(z). Let h = q - -59. What are the prime factors of h?
2, 13
Let x = 103 + -98. Suppose x*d = q + 2*q - 397, -d + 1 = 0. What are the prime factors of q?
2, 67
Let w(j) = j - 6. Let z be w(2). List the prime factors of z/10 - (-6608)/70.
2, 47
Let w(c) = 6*c - 1. Let n(o) = o**2 + 8*o - 13. Let m be n(-11). List the prime factors of w(m).
7, 17
Let m(v) = -v**3 - v**2 - 2*v + 3. Let j be m(-3). Let w = -1161 + 1218. Let p = w - j. List the prime factors of p.
2, 3, 5
Let q(j) = -26*j - 10*j - 16 + 88*j**3 - 89*j**3 - 16*j**2. What are the prime factors of q(-14)?
2, 3
Let h = -10 - 7. Let y = h + 26. Let l(x) = 2*x. List the prime factors of l(y).
2, 3
Suppose 2*w - 3*w + 14 = 0. Suppose 3*b = 2*b + o + 4, 15 = -5*b - 2*o. Let s = w - b. List the prime factors of s.
3, 5
Suppose 23*v - 3416 = 9*v. What are the prime factors of v?
2, 61
Suppose 9*c = 3*c + 12. Suppose c*a = -5*s + 214 + 336, -5*s + 3*a + 575 = 0. What are the prime factors of s?
2, 7
Let v = 46 + -44. Let x = 53 - v. What are the prime factors of x?
3, 17
Suppose 14*m + 448 = 7*m. Let c = m + 196. What are the prime factors of c?
2, 3, 11
What are the prime factors of 32/(2*1/65)?
2, 5, 13
Let d(g) = 3*g**2 + 50*g - 58. Let k be d(-16). Suppose 2*j + 128 = j. Let o = k - j. What are the prime factors of o?
2, 19
Suppose -3*n - 4 + 16 = 0. Let r = n + -2. Suppose -r*f = 3*f - 100. List the prime factors of f.
2, 5
What are the prime factors of ((-80)/(-48))/(3/1899)?
5, 211
Suppose 2*h - 6 = -h. Suppose -5*m - 5*f + 40 = 0, -h*f = -4*m - 9 + 41. What are the prime factors of m?
2
What are the prime factors of 292/8 - (-4)/(-8)?
2, 3
Suppose 0 = -26*v + 19506 + 36108. List the prime factors of v.
3, 23, 31
Let c(g) = -3*g**3 - 59*g**2 - 43*g + 41. List the prime factors of c(-19).
2, 17
Let b = 194 + -98. What are the prime factors of ((-5)/(30/8))/((-2)/b)?
2
What are the prime factors of (-2)/((-8)/(-144)*6/(-86))?
2, 3, 43
Suppose -4*z - 13 - 3 = 0. Let l be (-558)/198 - z/(-22). List the prime factors of (1/l)/(5/(-825)).
5, 11
Suppose 38 + 10 = 2*z. Let j be z + -4 + 0 + 0. Suppose s + 4*n = -s + j, -5*s + 2*n = -50. What are the prime factors of s?
2, 5
Suppose -12*q - 269 = -2*d - 9*q, d - 145 = -2*q. Let s = d + -56. List the prime factors of s.
83
Suppose -6 = -2*v - 2. Suppose 0 = -v*t - 5*c + 87, -157 - 50 = -4*t + c. List the prime factors of t.
3, 17
Let j = 1517 - -11. What are the prime factors of j?
2, 191
Suppose w - 2*k - 369 = 0, -20*k = -2*w - 22*k + 708. What are the prime factors of w?
359
Let n(a) = -17 + 16*a + 5*a**2 - a**3 - 15*a - 6*a**2. List the prime factors of n(-5).
2, 3, 13
Suppose -836 + 9656 = 36*c. List the prime factors of c.
5, 7
Let l(c) = -c - 22. Let b be l(16). Let o = b + 84. List the prime factors of (16 - 24)*o/(-8).
2, 23
Suppose 5502 = 21*f - 9072. What are the prime factors of f?
2, 347
Suppose k - 2*k = 0. Let h(b) = -8*b - 2 + k*b - 4*b. List the prime factors of h(-2).
2, 11
Let f(x) = 45*x**3 - 44*x**3 + 5*x + x + 1. List the prime factors of f(6).
11, 23
Let k(g) = -g**2 - 9*g + 712. What are the prime factors of k(0)?
2, 89
List the prime factors of (166 + 2)*(-2040)/(-96).
2, 3, 5, 7, 17
What are the prime factors of 466 - ((-2)/(-8) - (-38)/8)?
461
Let m(b) = 5*b**3 + 10*b**2 - 5. Let x(v) = -4*v**3 - 9*v**2 + v + 6. Let z(w) = -3*m(w) - 4*x(w). Let k = -2 + -4. List the prime factors of z(k).
3, 5
Suppose -14406 = -4*t - l, -41*t + 48*t + 2*l - 25210 = 0. List the prime factors of t.
2, 1801
Let l(z) = -z**3 - 2*z**2 + 3*z + 27. List the prime factors of l(-8).
3, 43
Let b(v) = 2*v**2 - 18*v + 39. List the prime factors of b(20).
479
Let y(v) = -v**3 + 35*v**2 + 18*v - 154. List the prime factors of y(33).
2, 7, 11, 17
Let c(h) = 11*h + 8. Let n be c(-6). Let a = n - -144. List the prime factors of a.
2, 43
Let q(z) = z**3 - 3*z**2 - 2*z - 4. Suppose -2*p + 20 = 3*p. Let v be q(p). Suppose -2*u = v*l - 74, 5*l = -3 - 12. What are the prime factors of u?
43
Let r(u) = -3*u**3 - 2*u**2 + 5*u - 3. Let s be r(2). List the prime factors of 3/15 + (-1895)/s.
2, 19
Suppose 2*u + 92 - 276 = 0. Suppose -3*i + j + 10 = 0, 0 = -4*i - 2*j + 2 + 8. Suppose -p = i*p - u. What are the prime factors of p?
23
Let v = -143 + 325. What are the prime factors of 2338/v + (-2)/(-13)?
13
Let w = 865 + 82. What are the prime factors of w?
947
Suppose -11*q + 20009 = -16236. List the prime factors of q.
5, 659
Let o(y) = 4*y**2 + 24*y + 135. What are the prime factors of o(-13)?
499
Suppose -62*v - 6 = -65*v. Suppose 3*a = 6*a. Suppose v*z + a = 10. What are the prime factors of z?
5
Let k be 1*(-4)/(-4)*-55. Let f = 11 - k. Let z = f - 29. List the prime factors of z.
37
Suppose 2*k = 3*g + 1227 - 198, k - 547 = -5*g. What are the prime factors of k?
2, 3, 29
Let l be -5 - (-54)/(-12)*-2. Let c(g) = g**3 - 5*g**2 + 7*g + 6. List the prime factors of c(l).
2, 3
Suppose -3*c + 1087 = g, -3*c = 4*g - c - 4298. What are the prime factors of g?
2, 67
Let p = -14 + 16. Suppose 4 + 12 = p*a. Suppose -5*z + 5*l + a + 57 = 0, 0 = -2*z - 2*l + 22. What are the prime factors of z?
2, 3
Suppose 8*x - 17 = 47. Suppose -5*q + 12 = 